 -u*x. List the prime factors of q.
83
Let o(i) = -2*i**2 - 9*i + 10. Let d(c) = 3*c**2 + 13*c - 15. Let v(j) = -5*d(j) - 8*o(j). Let m be v(-6). Let t = 34 - m. List the prime factors of t.
3, 5
Let y(v) = 8*v**2 + 2*v + 6021. What are the prime factors of y(0)?
3, 223
Let x be (-20)/25 - -1 - 38/(-10). Suppose -3*l - r + x*r = -597, -l - 2*r + 208 = 0. Suppose -876 = -4*k + i, -k + l = i + 3*i. List the prime factors of k.
2, 109
Let v(i) = -i**3 + 47*i**2 - 338*i - 38. List the prime factors of v(37).
2, 3, 191
Suppose 0 = -3*l + 6, 15*l - 10*l = 5*r - 1890. What are the prime factors of r?
2, 5, 19
Let x(k) = -35*k**2 - 3*k + 2. Let v be x(1). What are the prime factors of (-96)/(3*6/v)?
2, 3
Let i(t) = -47*t + 1. Let q(m) = m**2 - 32*m + 11. Let x be q(11). Let n be 62/(-22) - (-40)/x. What are the prime factors of i(n)?
2, 71
Let t be (-114)/(-4)*(-6)/9*-1. Suppose -18*v = -t*v + 46. Let d = -10 + v. What are the prime factors of d?
2, 3
Let b be (2/(-4))/((-21699)/(-2412) - 9). Let u = b - 78. What are the prime factors of u?
2, 7
Suppose -514 - 79 = -n. Let q = n - 152. List the prime factors of q.
3, 7
What are the prime factors of -9*(-6)/594 - -61*(-2733)/(-33)?
2, 3, 421
Suppose 44078 = 69*f - 849937 - 455280. List the prime factors of f.
5, 3911
Suppose 0 = 5*c + 8*g - 13*g - 46195, 3*c = g + 27729. List the prime factors of c.
5, 43
Suppose z = 5*v + 468 - 7168, 2*z = -3*v + 4033. Let i = v + -609. List the prime factors of i.
2, 3, 61
Suppose -3*q + 1444 = 4*j, -3*j + 543 - 60 = q. Suppose 3*m + i = 45, -16*m + 13*m + 3*i + 57 = 0. Suppose 10*g = m*g - q. What are the prime factors of g?
2, 5
Let u = 180 - 142. Suppose 0 = -3*r + 9, 2*m - u = -3*r + 51. List the prime factors of m.
2, 5
Let l(m) = 633*m + 64. Let o(j) = -211*j - 21. Let r(h) = 2*l(h) + 7*o(h). What are the prime factors of r(-2)?
13, 31
Let v(r) = 84*r**2 - 15*r + 82. What are the prime factors of v(4)?
2, 683
Let v(n) be the second derivative of n**4/6 - 5*n**3/6 - 7*n**2 + 3*n. Let o = 766 - 761. List the prime factors of v(o).
11
Let a = -117 - -120. Suppose 4*i - 893 = -a*u, 4*u - 650 - 494 = 4*i. What are the prime factors of u?
3, 97
Let y(d) = -9*d**2 - 9*d + 21*d**2 + 6 - 11*d**2. Let j be y(7). Let l = j - -95. List the prime factors of l.
3, 29
Let d be -2*(145/(-10) - -2). Let g(t) = 4 + 12*t + 47*t**2 - d*t**2 - 21*t**2. What are the prime factors of g(6)?
2, 7
Let y = 78784 + -19186. List the prime factors of y.
2, 3, 7, 11, 43
List the prime factors of 4685 - ((-4)/4 + 11/(-11)).
43, 109
Let o = 2660 - 1300. Suppose r + 4*r - o = 0. List the prime factors of r.
2, 17
Let p = -40 + 72. Let s = p + -27. Suppose -162 = s*h - 14*h. List the prime factors of h.
2, 3
Let n(g) = 13455*g - 83. List the prime factors of n(1).
2, 3343
Suppose 4 - 4 = 20*j. Suppose j = 4*k + 5*v - 614, 5*k + v = 5*v + 788. Let w = k - 33. List the prime factors of w.
3, 41
Let h be (20/30)/(1 + 300/(-324)). Let k(d) = 10*d - 7 + 3 + 8*d**2 + 2 - d**3. List the prime factors of k(h).
7
Let s be (-6138)/(-81) - (40/(-18) - -2). Suppose 0 = 3*i - 4*d - 41, -2*i - 3*i = d - s. Suppose i*p = 5*p + 590. What are the prime factors of p?
59
Let y(a) = a**3 + 28*a**2 + 26*a. Let h be y(-27). Suppose -3*k = -h*k + 11760. List the prime factors of k.
2, 5, 7
Let q(d) = -d**2 - 13*d - 19. Let l be q(-11). Let b be l - 0 - (-678)/6. Suppose -4*r + 5*t = t - b, 0 = 5*r + 2*t - 145. What are the prime factors of r?
29
Let p(y) = -2*y**3 + 47*y**2 - 37*y - 10. Let w be p(20). Suppose 2*i - 410 = i - 2*l, -5*i - l = -w. What are the prime factors of i?
2, 5, 41
List the prime factors of 64/176 - 344694/(-66).
3, 1741
Let y(h) be the third derivative of -h**6/20 - h**5/15 + 7*h**4/24 + 8*h**3 - 8*h**2 + 2*h. What are the prime factors of y(-5)?
3, 13, 17
What are the prime factors of (4/4 - 4)*(-1267642)/114?
33359
Let l = 85 + -88. Let y be (2 - (-5 - (-8)/4)) + l. Suppose -18 = -y*o + 114. What are the prime factors of o?
2, 3, 11
Suppose 2*x + 3 + 3 = -w, x + 5 = 0. Suppose w*q = -y + 273, 0*y + 3*q - 268 = -y. List the prime factors of y.
11, 23
Let w(b) = -12*b - 10. Let s be w(-6). Suppose 0*p - s = -5*i + p, 0 = 3*i + 3*p - 30. Suppose -3*q + i = -63. List the prime factors of q.
5
List the prime factors of (-13 - -34)/1 + 55189.
2, 5, 5521
Suppose -5*j + 5828 = 5*t - 3*j, -2*t = -2*j - 2334. Suppose t = 10*v + v. List the prime factors of v.
2, 53
Suppose -h + 15315 = 5*m, 17942 = -4*h - 4*m + 79138. What are the prime factors of h?
5, 7, 19, 23
Let v be (-4 + 4)/(-5) + -1103. Let r = -492 - v. List the prime factors of r.
13, 47
Suppose -6*i + 9*i - 3*o - 36675 = 0, -i + 12210 = 4*o. List the prime factors of i.
2, 3, 7, 97
Suppose -31840 = -m - 7*m. Suppose -7*g + 2*g = -5*v - m, -v = 3. List the prime factors of g.
13, 61
Let g = 17985 + 52093. List the prime factors of g.
2, 37, 947
Suppose -3*o + 4*o = 4. Let v be -3 - -2 - (-173 + 4/2). Suppose -3*l + 344 = o*h, 2*h - 3*l - v = -5*l. List the prime factors of h.
89
Let z(r) = 8*r**3 - 12*r**2 + 19*r - 4. List the prime factors of z(6).
2, 19, 37
Let s(u) be the first derivative of 3*u**5/40 - u**4/4 + 5*u**3 + 7. Let q(v) be the third derivative of s(v). List the prime factors of q(3).
3, 7
Suppose 4*w + 3*n - 9 = 3*w, 2*n - 6 = w. Suppose l = 4*q - w*q + 218, -639 = -3*l - 3*q. List the prime factors of l.
2, 107
Suppose 251*w + 880612 = 283*w - 1127804. What are the prime factors of w?
3, 20921
Suppose -18*j + 19 + 17 = 0. Suppose -2*s - 323 = -3*s + 4*h, 5*s = -j*h + 1593. List the prime factors of s.
11, 29
Let f(c) = c**2 - 13*c + 18. Let b be f(14). Let u(r) = -2*r + 3. Let v be u(-12). Suppose p - v - b = 0. What are the prime factors of p?
59
Let u(w) = -w**3 + w**2 + w + 13. Let f be u(4). Let b(l) = -22*l - 175. What are the prime factors of b(f)?
3, 13
Let y(f) = -10*f**2 - 70*f - 16. Let u be y(-7). List the prime factors of (8/3 - -2)*(-336)/u.
2, 7
Let c(u) = -2*u**3 - 16*u**2 + 15*u - 18. Let r be c(-9). Suppose 4*z - 4*m = 5*z - 518, -z + 521 = m. Suppose r*g = -z + 1620. List the prime factors of g.
2, 61
Suppose -2*q - 5 = -0*q + b, 3*q - 3*b + 3 = 0. What are the prime factors of q/(-14) + 99600/168?
593
Let o = 100 - 121. Let m be (-7)/(o/6) + -101. Let w = m + 118. List the prime factors of w.
19
Suppose 2*s + 36684 = 5*p, 15*s = -5*p + 14*s + 36708. List the prime factors of p.
2, 5, 367
Let o(p) = -p**3 - 14*p**2 - 26*p. Let m be o(-12). Suppose -5*w = -r + 578, -5*r + 27*w - m*w = -2868. What are the prime factors of r?
3, 191
Suppose 2*f - 189 - 289 = 0. Suppose -a + 4*l + 154 = 18, 3*l - f = -2*a. List the prime factors of a.
2, 31
Suppose 6*t - 20 = 2*t. Suppose t*b = 2*k - 115, 64 = 3*k + 3*b - 140. List the prime factors of k.
5, 13
Suppose -3*i + 615 = 2*l - 469, -3*l = 5*i - 1626. Suppose 5*t - 3*t + h - l = 0, 0 = -4*t - 5*h + 1078. What are the prime factors of t?
2, 17
Suppose 7*s - 30 = -p + 2*s, 0 = 2*p - 5*s. Let i be (-1 - -4 - -3)*5/p. Suppose i*d - 59 = 184. List the prime factors of d.
3
Let x = 1100 + 14022. What are the prime factors of x?
2, 7561
Suppose 0 = 5*d - 64 - 106. What are the prime factors of (-7905)/(-21) - (-2 - d/(-14))?
2, 47
Suppose 4*q - 3305 = 2067. List the prime factors of q.
17, 79
Let s(c) = 12*c**2 + 24*c - 68. Let y(p) = p**2. Let t(j) = -s(j) + 20*y(j). What are the prime factors of t(11)?
2, 193
Let d(s) = 77*s**2 + 3*s. Let q be d(4). Let p = q - 732. What are the prime factors of p?
2
Let n(g) = g**2 + 13*g - 45. Let f be n(-16). Suppose 495 = 5*p + 8*r - 6*r, 0 = 4*p - f*r - 419. What are the prime factors of p?
101
Suppose -j - 115 = -3*x, -2*x - 11*j = -6*j - 71. What are the prime factors of 1 - (4 - 5) - x*-11?
2, 3, 5, 7
Let k(q) = 2*q**2 - 10*q - 46. Let s be k(14). Let c = s - 66. What are the prime factors of c?
2, 5, 7
Suppose -10901 = -54*f - 1991. What are the prime factors of (f/75)/((-3)/(-2595))?
11, 173
Let g(d) = -21*d**2 - 4*d + 5. Let i(l) = -l**2 + l. Let t(o) = -g(o) + 4*i(o). Let v be t(3). Suppose -6*c + 694 = v. List the prime factors of c.
3, 29
What are the prime factors of (69976 - (11 - 3)) + -19?
11, 6359
Suppose 3*r + 4*k - 11 = 0, 3*k + 7 = 4*r - 16. Suppose 0 = -r*m - 5*m + 3250. What are the prime factors of m?
5, 13
What